Let v(m) = -m**2 + 6*m + 5. Let l be v(7). Let s be (-16)/3*3/l. Suppose -3*y + s = -y. Let p(z) = -z**3 + 5*z**2 - 4*z - 2. Give p(y).
-2
Let n be (-1)/2*(-96)/12. Let m = 9 - n. Let r(u) = -u**3 + 5*u**2 - 2*u + 6. Let a(c) = c**3 - 5*c**2 + 2*c - 6. Let t(j) = -6*a(j) - 7*r(j). Give t(m).
4
Let s(i) be the second derivative of -3/20*i**5 - 2*i - 1/12*i**4 - 1/2*i**2 + 1/6*i**3 + 0. Let q be 2/8 + (-6)/(-8). What is s(q)?
-4
Let t = 75 - 67. Let l(y) = y**3 - 7*y**2 - 7*y + 2. Calculate l(t).
10
Let g be 4/(-1) - (1 + -8). Let d(h) = -h**3 - 6*h**2 - 6*h - 3. Let p be d(-5). Let s(u) = -u**3 + u - 2*u**3 + 3 + p*u**g. Determine s(0).
3
Let o(n) = n**2 - 5*n - 1. Suppose 0*y + 40 = -5*y. Let z be 4/y*12/(-1). Determine o(z).
5
Let c(l) be the second derivative of l**5/20 + 3*l**4/4 - 11*l**3/6 - 11*l**2/2 - 30*l + 1. Give c(-10).
-1
Let a = 16 - 27. Let j(l) = -3*l + 14. Let v(o) = o - 5. Let i(n) = a*v(n) - 4*j(n). Determine i(2).
1
Let t be (-3)/(132/8)*-11. Let z(f) = -6*f - 2. Determine z(t).
-14
Let g(m) = m**2 - 5*m - 1. Let i = -21 - -16. Let q be (-3)/2*(i - -1). What is g(q)?
5
Let n be (-2)/4*4/(-2). Suppose -4*t - n = -3*t. Let m(y) = -y. Let j(g) = 4*g - 1. Let d(q) = t*j(q) - 2*m(q). Determine d(4).
-7
Let j(g) be the third derivative of g**6/360 + g**5/15 + 5*g**4/24 + 2*g**3/3 + g**2. Let y(n) be the first derivative of j(n). Give y(-6).
-7
Let z(o) be the third derivative of 1/3*o**3 + 0*o + o**2 - 1/120*o**5 + 0 + 1/12*o**4. Let d(h) be the first derivative of z(h). Determine d(3).
-1
Let n(b) = -b + 6. Let c = 4 - 2. Let y be (1 - 1)*1/2. Suppose y = -2*p - c*p. Determine n(p).
6
Let w(f) = f**2 + 7*f + 5. Let n(y) = -2*y - 2. Let x be n(-3). Suppose 2 + x = -s. Determine w(s).
-1
Let o(a) be the second derivative of -5/2*a**2 - a + 0 + 1/6*a**3. Suppose 2*n - 10 + 4 = 0. Give o(n).
-2
Let a(g) = -3*g**2 + 3*g - 4. Let c(k) = -k**2 + k - 2. Let y(h) = 3*a(h) - 5*c(h). What is y(2)?
-10
Let z(w) = -3*w + 3. Suppose 5*h - 19 = 4*j - j, 4*j - 5*h = -17. Let c = j + 9. Suppose u - 3*u - 5*r + 3 = 0, -r + c = 3*u. Determine z(u).
-9
Let u(s) = -5*s**2 - 32*s - 3. Let w(c) = -3*c**2 - 21*c - 2. Let l(v) = -5*u(v) + 8*w(v). Give l(6).
-13
Let j(d) = d**2 + d - 4. Let n be j(-3). Let q be (-129)/(-27) + 4/18. Suppose q*c + 13 = -n. Let l(a) = a + 4. Determine l(c).
1
Let j(n) = 2*n - n**2 - 1 - 4 - n. Let g(r) = 1. Let f(t) = 5*g(t) + j(t). Give f(-1).
-2
Let j(b) be the third derivative of -b**4/6 + b**3/6 - 3*b**2. Let g(f) = f**2 + 3*f - 2. Let r = -13 - -9. Let i be g(r). Give j(i).
-7
Let q(o) = o**3 - o**2 + 1. Let g = -9 + 5. Let i = g + 4. Give q(i).
1
Suppose 2*o - 22 = -4*l, 4*o + 12 = -2*l + l. Suppose 0 = c + 4 - l. Let a(n) = n**2 - 4*n - 3. Determine a(c).
-3
Let m(v) = v**3 - 6*v**2 - 4*v + 4. Let r be (-16)/(-6)*(-117)/(-52). Give m(r).
-20
Let x(k) = 3 + 40*k**2 - 39*k**2 - 3 - 5 - 7*k. Determine x(7).
-5
Let w(x) = -3*x**3 - 6*x**2 - x + 2. Let u(s) = -4*s**3 - 6*s**2 - 2*s + 2. Let j(p) = 4*u(p) - 5*w(p). Calculate j(5).
8
Let c(p) = 3*p**2 + 4*p - 7. Let n(m) = 13*m**2 + 16*m - 28. Let f(t) = 9*c(t) - 2*n(t). Let b = -19 - -13. Calculate f(b).
5
Let j(r) = 6*r - 2. Let x(w) = -w. Let q(k) = j(k) + 5*x(k). Calculate q(2).
0
Let d(f) = 2*f. Suppose 6*i - 4*i = 10. Suppose -2*m = g - 6*m + 10, i*g + m + 8 = 0. Give d(g).
-4
Let o = 19 + -4. Suppose 2*w - 12 = x, 4*w + 3 = -4*x + o. Let p(t) = 14*t**2 + 17. Let a(k) = 5*k**2 + 6. Let g(h) = -11*a(h) + 4*p(h). Give g(x).
6
Let o(f) = 4 - 3 - 2 + 11*f - f. Calculate o(-2).
-21
Suppose -x + 4*t = -3*x - 14, -2*x = -3*t. Let h = 6 + x. Suppose h*q + 0*q + 6 = 0. Let s(z) = 2*z**2 + z - 2. Give s(q).
4
Let n(d) = 11*d**2 - 29*d - 15. Let i = -3 + 6. Let b(y) = -4*y**2 + 10*y + 5. Let w(a) = i*n(a) + 8*b(a). Calculate w(6).
-11
Let l(p) be the second derivative of p**7/2520 - 7*p**6/720 + p**5/40 + 5*p**4/12 - 3*p. Let u(q) be the third derivative of l(q). Determine u(7).
3
Let d(n) = -1 - 2 - n + 2*n + 2. Let h(z) = 2. Let p(l) = l**3 - 9*l**2 - l + 7. Let b be p(9). Let v(x) = b*d(x) - 3*h(x). Determine v(-5).
6
Suppose 3*u + 4*r = 2, 46 = 2*u + 3*u - 4*r. Let o(w) = -w**2 + 2*w + 7. Let i(q) = -2*q**2 + 5*q + 13. Let f(t) = -3*i(t) + 5*o(t). Calculate f(u).
2
Let q be 20/(-15)*(-3)/2. Let o(i) = -6*i**2 + 3*i + 3. Let j(c) = 4*c**2 - 2*c - 2. Let n(g) = 7*j(g) + 5*o(g). Calculate n(q).
-5
Let s(y) = -y**3 + 6*y**2 - 3*y - 5. Let t be 1/(-2) + (-63)/(-14). Suppose 2*a = -t*b + 2, a - 3*b - 13 = b. Determine s(a).
5
Let a = -19 + 35. Let t be (-5)/2*a/10. Let k(g) = -g**2 - 3*g. Give k(t).
-4
Let g(m) = 2*m - 7. Suppose -3*t + 0 + 15 = 0. Determine g(t).
3
Suppose -w = 2*w - 6. Suppose w*c + 18 = -c. Let k(f) = -f**3 - 5*f**2 + 6*f + 4. Determine k(c).
4
Suppose -3*b = -2*b - 2*z - 3, 9 = b - 4*z. Let a be (-2)/(-4)*(-5 - b). Let w(u) = -2*u**2 + 1. Give w(a).
-1
Let z = 6 + 2. Suppose 0*n = 4*n - z. Let k(u) = -u**3 + 4*u**2 - 4*u + 2. Calculate k(n).
2
Let q(v) = -v**2 - 5*v - 1. Let x be q(-5). Let o(s) = -3*s**3 - s - 1. Determine o(x).
3
Let k(j) = -1 - 2 + 86*j**3 - 3*j**2 - 3*j - 87*j**3. What is k(-2)?
-1
Let p be 4/(3 - 1 - 0). Let o(c) = -p*c + 0 + 3 - 2 - 3. Give o(3).
-8
Let d(x) be the second derivative of x**6/360 + x**5/24 - x**4/24 - 5*x**3/6 - 6*x. Let r(w) be the second derivative of d(w). Give r(-4).
-5
Let d(u) be the first derivative of -2/3*u**3 + u - u**2 - 4. What is d(-2)?
-3
Let y(f) = -f**3 - 4. Let h be y(0). Let d(v) be the first derivative of 3*v**2/2 + 6*v - 2. Determine d(h).
-6
Let g be 5 + -2 + (1 - 2). Let c(s) = -2*s**3 + s + s**3 - 1 - 2*s**g + 0*s**2. Give c(-3).
5
Let f = 77 + -80. Let w(z) be the second derivative of z**5/20 + z**4/6 + z**3/6 + 3*z**2/2 - z. What is w(f)?
-9
Let o(q) = -q**3 + 7*q**2 - 5*q - 4. Let l(b) = -b**2 - 5*b + 6. Let t be l(-5). What is o(t)?
2
Let i(l) be the second derivative of l**5/60 + l**4/24 + l**3/6 + 3*l**2/2 + 3*l. Let y(j) be the first derivative of i(j). What is y(0)?
1
Let s(o) = o**3 - 10*o**2 + o. Let l(c) = c**2 + c + 1. Let y(j) = -4*l(j) - s(j). Give y(5).
-4
Let q(y) be the third derivative of -y**5/60 + y**4/24 - y**3/6 - 2*y**2. Let i be 1/(-1) - 2*-1. Give q(i).
-1
Let o be 2 + 2 + (-1 - -4). Let p(q) = q**3 - 7*q**2 + 7. Give p(o).
7
Let j(p) = -3*p - 3. Let l be (-1)/((-1)/(-2)) + 0. Let b(m) = -m - 1. Let t(a) = l*j(a) + 5*b(a). Determine t(5).
6
Suppose 4*v + 1 = -2*h - 3, 0 = -4*v - h - 8. Let g(x) = x**2 + 3*x - 1. Calculate g(v).
-1
Suppose 3*i = 5*q - q + 29, -i - 22 = 5*q. Let l(p) be the third derivative of p**5/60 + p**4/6 + p**3/6 + 3*p**2. What is l(q)?
6
Let m be 0/3 + 4/2. Let q(a) = 4*a - 5. Let p(z) = 16*z - 20. Let w(v) = m*p(v) - 9*q(v). What is w(4)?
-11
Suppose -5*t + 1 = -4*q + 2, 0 = -4*q - 4*t + 28. Let d(p) = 5*p - q*p - 6*p. Give d(1).
-5
Let j be (21/12 - 2) + (-9)/12. Let s(x) = 2*x + 1. Calculate s(j).
-1
Let q(m) = -4*m + 3. Let x = -5 - -9. Let n = x + -4. Let p = n - -3. Determine q(p).
-9
Let c(j) = -j**3 - 7*j**2 - 5*j - 1. Let p be (17 + -1)/4 + -1. Suppose -q + 3*q + 10 = -k, q + p*k = 0. Calculate c(q).
-7
Suppose 0 = 3*p - 19 + 4. Let h(k) = -k**2 + 2*k + 3. Calculate h(p).
-12
Suppose 0 = 3*w - 4 - 2. Let i(c) be the first derivative of c**2 - 3*c + 1. Give i(w).
1
Let g(r) = r**2 - 6*r + 2. Let w = 19 + -13. Calculate g(w).
2
Let u(p) = 9*p + 1. Let t(s) = -3*s**2 + 3*s - 1. Let z be t(1). What is u(z)?
-8
Let m(i) = 5*i**3 + 1. Let x(v) = v**3 + 11*v**2 + 10*v + 2. Let q be x(-10). Let z(j) = 15*j**3 - j**2 + j + 3. Let t(r) = q*z(r) - 7*m(r). What is t(1)?
-6
Let g(j) = j**3 + 6*j**2 + 3*j - 8. Let f be g(-5). Let c(z) = -z**3 + 2*z**2. Let x(m) = m**2 - m. Let u(y) = c(y) - x(y). Give u(f).
-2
Let z(x) = x**2 + 6*x - 4. Suppose 6 = -3*g - 9. Give z(g).
-9
Let g(x) = 2*x - 33. Let n be g(15). Let r(k) = k**3 + 3*k**2. What is r(n)?
0
Let c be 12 + 2 + -3 + -1. Let r = c + -7. Let j(z) = -z**3 + 4*z**2 - 4*z + 2. Calculate j(r).
-1
Suppose -z + 3*z = 6. Let t(f) = -1 - z*f + 4 + 2. Let y be 57/12 + 1/4. Give t(y).
-10
Let r(x) = x**2 + 0*x**2 + 6 + 2*x + 6*x. Give r(-6).
-6
Let g(y) = y**2 + 6*y + 4. Let b be g(-6). Let a(t) be the first derivative of -3*t**2/2 + 6*t + 11. Give a(b).
-6
Let r(a) be the third derivative of 1/12*a**4 + 0*a + 